{"id":6350,"date":"2026-03-31T17:08:02","date_gmt":"2026-03-31T17:08:02","guid":{"rendered":"https:\/\/www.pneustiktak.com.br\/?post_type=product&#038;p=6350"},"modified":"2026-05-05T17:58:40","modified_gmt":"2026-05-05T17:58:40","slug":"185-60-r14-82h-techco-hf261-hifly","status":"publish","type":"product","link":"https:\/\/www.pneustiktak.com.br\/?product=185-60-r14-82h-techco-hf261-hifly","title":{"rendered":"185\/60 R14 82H TECHCO HF261 HIFLY"},"content":{"rendered":"<table width=\"263\">\n<tbody>\n<tr>\n<td width=\"142\">Marca<\/td>\n<td width=\"121\">HIFLY<\/td>\n<\/tr>\n<tr>\n<td>Modelo<\/td>\n<td>TECHCO HF261<\/td>\n<\/tr>\n<tr>\n<td>Aro<\/td>\n<td>14<\/td>\n<\/tr>\n<tr>\n<td>Perfil<\/td>\n<td>60<\/td>\n<\/tr>\n<tr>\n<td>Largura<\/td>\n<td>185<\/td>\n<\/tr>\n<tr>\n<td>\u00cdndice de Carga<\/td>\n<td>82<\/td>\n<\/tr>\n<tr>\n<td>\u00cdndice de Velocidade<\/td>\n<td>H<\/td>\n<\/tr>\n<\/tbody>\n<\/table>\n","protected":false},"excerpt":{"rendered":"<p>O pneu Hifly, que vem atingindo os mais altos requisitos das montadoras, conta com tecnologia sustent\u00e1vel que favorece a economia de combust\u00edvel, contribuindo com a conserva\u00e7\u00e3o do meio ambiente. Oferece conforto ao dirigir, maior durabilidade e excelente frenagem em qualquer condi\u00e7\u00e3o de superf\u00edcies, tanto secas quanto molhadas.<\/p>\n","protected":false},"featured_media":6351,"comment_status":"open","ping_status":"closed","template":"","meta":[],"product_cat":[116,117],"product_tag":[123,218],"class_list":{"0":"post-6350","1":"product","2":"type-product","3":"status-publish","4":"has-post-thumbnail","6":"product_cat-ofertas","7":"product_cat-pneus","8":"product_tag-aro-14","9":"product_tag-hifly","10":"badges-style-2","12":"first","13":"instock","14":"sale","15":"shipping-taxable","16":"purchasable","17":"product-type-simple"},"_links":{"self":[{"href":"https:\/\/www.pneustiktak.com.br\/index.php?rest_route=\/wp\/v2\/product\/6350","targetHints":{"allow":["GET"]}}],"collection":[{"href":"https:\/\/www.pneustiktak.com.br\/index.php?rest_route=\/wp\/v2\/product"}],"about":[{"href":"https:\/\/www.pneustiktak.com.br\/index.php?rest_route=\/wp\/v2\/types\/product"}],"replies":[{"embeddable":true,"href":"https:\/\/www.pneustiktak.com.br\/index.php?rest_route=%2Fwp%2Fv2%2Fcomments&post=6350"}],"wp:featuredmedia":[{"embeddable":true,"href":"https:\/\/www.pneustiktak.com.br\/index.php?rest_route=\/wp\/v2\/media\/6351"}],"wp:attachment":[{"href":"https:\/\/www.pneustiktak.com.br\/index.php?rest_route=%2Fwp%2Fv2%2Fmedia&parent=6350"}],"wp:term":[{"taxonomy":"product_cat","embeddable":true,"href":"https:\/\/www.pneustiktak.com.br\/index.php?rest_route=%2Fwp%2Fv2%2Fproduct_cat&post=6350"},{"taxonomy":"product_tag","embeddable":true,"href":"https:\/\/www.pneustiktak.com.br\/index.php?rest_route=%2Fwp%2Fv2%2Fproduct_tag&post=6350"}],"curies":[{"name":"wp","href":"https:\/\/api.w.org\/{rel}","templated":true}]}}